{"id":5597,"date":"2022-06-19T13:50:23","date_gmt":"2022-06-19T16:50:23","guid":{"rendered":"https:\/\/www.kalaes.com.br\/22\/?page_id=5597"},"modified":"2022-06-19T13:50:23","modified_gmt":"2022-06-19T16:50:23","slug":"novosnegocios","status":"publish","type":"page","link":"https:\/\/www.kalaes.com.br\/22\/novosnegocios\/","title":{"rendered":"Novos Neg\u00f3cios"},"content":{"rendered":"<div class=\"wpb-content-wrapper\"><p>[vc_row full_width=&#8221;stretch_row&#8221; tlg_enable_overlay=&#8221;yes&#8221; el_id=&#8221;quemsomos&#8221; tlg_bg_overlay=&#8221;#3f3f3f&#8221; tlg_bg_overlay_value=&#8221;5&#8243;][vc_column parallax=&#8221;content-moving&#8221; parallax_image=&#8221;5552&#8243;]<div class=\"tlg-spacer \" data-height=\"80\" data-height-tablet=\"80\" data-height-mobile=\"80\" style=\"clear:both;display:block;height:80px;\"><\/div>[vc_row_inner content_placement=&#8221;top&#8221; gap=&#8221;30&#8243; css=&#8221;.vc_custom_1534275041885{padding-right: 40px !important;padding-left: 40px !important;}&#8221;][vc_column_inner width=&#8221;1\/6&#8243;][\/vc_column_inner][vc_column_inner width=&#8221;2\/3&#8243;][vc_column_text]<\/p>\n<h1 style=\"text-align: left;\"><strong><span style=\"color: #ff0000;\">NOVOS NEG\u00d3CIOS<\/span><\/strong><\/h1>\n<p>[\/vc_column_text][vc_column_text]<\/p>\n<h3 style=\"text-align: left;\"><span style=\"color: #ffffff;\">Venha apresentar seu projeto para n\u00f3s<\/span><\/h3>\n<p>[\/vc_column_text]<div class=\"tlg-spacer \" data-height=\"40\" data-height-tablet=\"40\" data-height-mobile=\"40\" style=\"clear:both;display:block;height:40px;\"><\/div>[vc_column_text]<\/p>\n<div class=\"wpb_text_column wpb_content_element \">\n<div class=\"wpb_wrapper\">\n<h5><span style=\"color: #ffffff;\">Se voc\u00ea possui um neg\u00f3cio j\u00e1 testado e quer expandir e\/ou transform\u00e1-lo no modelo de franquia, venha apresentar seu projeto. Teremos o enorme prazer em atend\u00ea-lo gratuitamente e analisar suas ideias, de acordo com as seguintes etapas:<\/span><\/h5>\n<\/div>\n<\/div>\n<div class=\"wpb_text_column wpb_content_element \">\n<div class=\"wpb_wrapper\">\n<h5><strong><span style=\"color: #ffffff;\">1) Primeiro contato<\/span><\/strong><br \/>\n<strong><span style=\"color: #ffffff;\">Etapa onde conhecemos o seu neg\u00f3cio e determinamos se ele se encaixa na estrat\u00e9gia da holding e atende aos crit\u00e9rios que consideramos essenciais para o sucesso da parceria.<\/span><\/strong><\/h5>\n<h5><strong><span style=\"color: #ffffff;\">2) Reuni\u00e3o inicial<\/span><\/strong><br \/>\n<strong><span style=\"color: #ffffff;\">Agendaremos um bate papo para conhecer melhor voc\u00ea, seu neg\u00f3cio e suas perspectivas.<\/span><\/strong><\/h5>\n<h5><strong><span style=\"color: #ffffff;\">3) An\u00e1lise interna<\/span><\/strong><br \/>\n<strong><span style=\"color: #ffffff;\">Nesta etapa, faremos as proje\u00e7\u00f5es e planejamento necess\u00e1rios para desenhar o projeto.<\/span><\/strong><\/h5>\n<h5><strong><span style=\"color: #ffffff;\">4) Reuni\u00e3o com o time de novos neg\u00f3cios<\/span><\/strong><br \/>\n<strong><span style=\"color: #ffffff;\">Nesta reuni\u00e3o (presencial) apresentaremos os pr\u00f3ximos passos do projeto, atrav\u00e9s de um plano de neg\u00f3cios, proje\u00e7\u00f5es e demais informa\u00e7\u00f5es para seguirmos.<\/span><\/strong><\/h5>\n<\/div>\n<\/div>\n<p>[\/vc_column_text]<div class=\"\"><a  id=\"btn-69ea1d9999dbd\" class=\"btn btn-filled btn-rounded    btn-sm-sm\" href= \"#contato\" target=\"_self\" >FALE CONOSCO<\/a><\/div>[\/vc_column_inner][vc_column_inner width=&#8221;1\/6&#8243;][\/vc_column_inner][\/vc_row_inner]<div class=\"tlg-spacer \" data-height=\"70\" data-height-tablet=\"70\" data-height-mobile=\"70\" style=\"clear:both;display:block;height:70px;\"><\/div>[\/vc_column][\/vc_row][vc_row tlg_padding=&#8221;pt0 pb0&#8243; el_id=&#8221;contato&#8221;][vc_column][\/vc_column][\/vc_row]<\/p>\n<\/div>","protected":false},"excerpt":{"rendered":"<p>[vc_row full_width=&#8221;stretch_row&#8221; tlg_enable_overlay=&#8221;yes&#8221; el_id=&#8221;quemsomos&#8221; tlg_bg_overlay=&#8221;#3f3f3f&#8221; tlg_bg_overlay_value=&#8221;5&#8243;][vc_column parallax=&#8221;content-moving&#8221; parallax_image=&#8221;5552&#8243;][vc_row_inner content_placement=&#8221;top&#8221; gap=&#8221;30&#8243; css=&#8221;.vc_custom_1534275041885{padding-right: 40px !important;padding-left: 40px !important;}&#8221;][vc_column_inner width=&#8221;1\/6&#8243;][\/vc_column_inner][vc_column_inner&#8230;<\/p>\n","protected":false},"author":2,"featured_media":0,"parent":0,"menu_order":0,"comment_status":"closed","ping_status":"closed","template":"","meta":{"footnotes":""},"class_list":["post-5597","page","type-page","status-publish","hentry"],"yoast_head":"<!-- This site is optimized with the Yoast SEO plugin v27.2 - https:\/\/yoast.com\/product\/yoast-seo-wordpress\/ -->\n<title>Novos neg\u00f3cios<\/title>\n<meta name=\"description\" content=\"Venha apresentar seu projeto para n\u00f3s!\" \/>\n<meta name=\"robots\" content=\"index, follow, max-snippet:-1, max-image-preview:large, max-video-preview:-1\" \/>\n<link rel=\"canonical\" href=\"https:\/\/www.kalaes.com.br\/22\/novosnegocios\/\" \/>\n<meta property=\"og:locale\" content=\"pt_BR\" \/>\n<meta property=\"og:type\" content=\"article\" \/>\n<meta property=\"og:title\" content=\"Novos neg\u00f3cios\" \/>\n<meta property=\"og:description\" content=\"Venha apresentar seu projeto para n\u00f3s!\" \/>\n<meta property=\"og:url\" content=\"https:\/\/www.kalaes.com.br\/22\/novosnegocios\/\" \/>\n<meta property=\"og:site_name\" content=\"Grupo Kalaes\" \/>\n<meta name=\"twitter:card\" content=\"summary_large_image\" \/>\n<meta name=\"twitter:label1\" content=\"Est. tempo de leitura\" \/>\n\t<meta name=\"twitter:data1\" content=\"1 minuto\" \/>\n<script type=\"application\/ld+json\" class=\"yoast-schema-graph\">{\"@context\":\"https:\/\/schema.org\",\"@graph\":[{\"@type\":\"WebPage\",\"@id\":\"https:\/\/www.kalaes.com.br\/22\/novosnegocios\/\",\"url\":\"https:\/\/www.kalaes.com.br\/22\/novosnegocios\/\",\"name\":\"Novos neg\u00f3cios\",\"isPartOf\":{\"@id\":\"https:\/\/www.kalaes.com.br\/22\/#website\"},\"datePublished\":\"2022-06-19T16:50:23+00:00\",\"description\":\"Venha apresentar seu projeto para n\u00f3s!\",\"breadcrumb\":{\"@id\":\"https:\/\/www.kalaes.com.br\/22\/novosnegocios\/#breadcrumb\"},\"inLanguage\":\"pt-BR\",\"potentialAction\":[{\"@type\":\"ReadAction\",\"target\":[\"https:\/\/www.kalaes.com.br\/22\/novosnegocios\/\"]}]},{\"@type\":\"BreadcrumbList\",\"@id\":\"https:\/\/www.kalaes.com.br\/22\/novosnegocios\/#breadcrumb\",\"itemListElement\":[{\"@type\":\"ListItem\",\"position\":1,\"name\":\"In\u00edcio\",\"item\":\"https:\/\/www.kalaes.com.br\/22\/\"},{\"@type\":\"ListItem\",\"position\":2,\"name\":\"Novos Neg\u00f3cios\"}]},{\"@type\":\"WebSite\",\"@id\":\"https:\/\/www.kalaes.com.br\/22\/#website\",\"url\":\"https:\/\/www.kalaes.com.br\/22\/\",\"name\":\"Grupo Kalaes\",\"description\":\"Holding multissetorial de franquias\",\"potentialAction\":[{\"@type\":\"SearchAction\",\"target\":{\"@type\":\"EntryPoint\",\"urlTemplate\":\"https:\/\/www.kalaes.com.br\/22\/?s={search_term_string}\"},\"query-input\":{\"@type\":\"PropertyValueSpecification\",\"valueRequired\":true,\"valueName\":\"search_term_string\"}}],\"inLanguage\":\"pt-BR\"}]}<\/script>\n<!-- \/ Yoast SEO plugin. -->","yoast_head_json":{"title":"Novos neg\u00f3cios","description":"Venha apresentar seu projeto para n\u00f3s!","robots":{"index":"index","follow":"follow","max-snippet":"max-snippet:-1","max-image-preview":"max-image-preview:large","max-video-preview":"max-video-preview:-1"},"canonical":"https:\/\/www.kalaes.com.br\/22\/novosnegocios\/","og_locale":"pt_BR","og_type":"article","og_title":"Novos neg\u00f3cios","og_description":"Venha apresentar seu projeto para n\u00f3s!","og_url":"https:\/\/www.kalaes.com.br\/22\/novosnegocios\/","og_site_name":"Grupo Kalaes","twitter_card":"summary_large_image","twitter_misc":{"Est. tempo de leitura":"1 minuto"},"schema":{"@context":"https:\/\/schema.org","@graph":[{"@type":"WebPage","@id":"https:\/\/www.kalaes.com.br\/22\/novosnegocios\/","url":"https:\/\/www.kalaes.com.br\/22\/novosnegocios\/","name":"Novos neg\u00f3cios","isPartOf":{"@id":"https:\/\/www.kalaes.com.br\/22\/#website"},"datePublished":"2022-06-19T16:50:23+00:00","description":"Venha apresentar seu projeto para n\u00f3s!","breadcrumb":{"@id":"https:\/\/www.kalaes.com.br\/22\/novosnegocios\/#breadcrumb"},"inLanguage":"pt-BR","potentialAction":[{"@type":"ReadAction","target":["https:\/\/www.kalaes.com.br\/22\/novosnegocios\/"]}]},{"@type":"BreadcrumbList","@id":"https:\/\/www.kalaes.com.br\/22\/novosnegocios\/#breadcrumb","itemListElement":[{"@type":"ListItem","position":1,"name":"In\u00edcio","item":"https:\/\/www.kalaes.com.br\/22\/"},{"@type":"ListItem","position":2,"name":"Novos Neg\u00f3cios"}]},{"@type":"WebSite","@id":"https:\/\/www.kalaes.com.br\/22\/#website","url":"https:\/\/www.kalaes.com.br\/22\/","name":"Grupo Kalaes","description":"Holding multissetorial de franquias","potentialAction":[{"@type":"SearchAction","target":{"@type":"EntryPoint","urlTemplate":"https:\/\/www.kalaes.com.br\/22\/?s={search_term_string}"},"query-input":{"@type":"PropertyValueSpecification","valueRequired":true,"valueName":"search_term_string"}}],"inLanguage":"pt-BR"}]}},"_links":{"self":[{"href":"https:\/\/www.kalaes.com.br\/22\/wp-json\/wp\/v2\/pages\/5597","targetHints":{"allow":["GET"]}}],"collection":[{"href":"https:\/\/www.kalaes.com.br\/22\/wp-json\/wp\/v2\/pages"}],"about":[{"href":"https:\/\/www.kalaes.com.br\/22\/wp-json\/wp\/v2\/types\/page"}],"author":[{"embeddable":true,"href":"https:\/\/www.kalaes.com.br\/22\/wp-json\/wp\/v2\/users\/2"}],"replies":[{"embeddable":true,"href":"https:\/\/www.kalaes.com.br\/22\/wp-json\/wp\/v2\/comments?post=5597"}],"version-history":[{"count":5,"href":"https:\/\/www.kalaes.com.br\/22\/wp-json\/wp\/v2\/pages\/5597\/revisions"}],"predecessor-version":[{"id":5602,"href":"https:\/\/www.kalaes.com.br\/22\/wp-json\/wp\/v2\/pages\/5597\/revisions\/5602"}],"wp:attachment":[{"href":"https:\/\/www.kalaes.com.br\/22\/wp-json\/wp\/v2\/media?parent=5597"}],"curies":[{"name":"wp","href":"https:\/\/api.w.org\/{rel}","templated":true}]}}