{"id":5604,"date":"2022-06-19T13:58:16","date_gmt":"2022-06-19T16:58:16","guid":{"rendered":"https:\/\/www.kalaes.com.br\/22\/?page_id=5604"},"modified":"2024-05-03T13:47:16","modified_gmt":"2024-05-03T16:47:16","slug":"respsocial","status":"publish","type":"page","link":"https:\/\/www.kalaes.com.br\/22\/respsocial\/","title":{"rendered":"Responsabilidade Social"},"content":{"rendered":"<div class=\"wpb-content-wrapper\"><p>[vc_row full_width=&#8221;stretch_row&#8221; tlg_enable_overlay=&#8221;yes&#8221; el_id=&#8221;quemsomos&#8221; tlg_bg_overlay=&#8221;#3f3f3f&#8221; tlg_bg_overlay_value=&#8221;5&#8243; css=&#8221;.vc_custom_1655657975462{background-color: #ffffff !important;}&#8221;][vc_column parallax=&#8221;content-moving&#8221;]<div class=\"tlg-spacer \" data-height=\"80\" data-height-tablet=\"80\" data-height-mobile=\"80\" style=\"clear:both;display:block;height:80px;\"><\/div>[vc_row_inner content_placement=&#8221;top&#8221; gap=&#8221;30&#8243; css=&#8221;.vc_custom_1534275041885{padding-right: 40px !important;padding-left: 40px !important;}&#8221;][vc_column_inner width=&#8221;1\/6&#8243;][\/vc_column_inner][vc_column_inner width=&#8221;2\/3&#8243;][vc_column_text]<\/p>\n<h1 style=\"text-align: center;\"><strong><span style=\"color: #ff0000;\">RESPONSABILIDADE SOCIAL<\/span><\/strong><\/h1>\n<p>[\/vc_column_text]<div class=\"tlg-spacer \" data-height=\"50\" data-height-tablet=\"50\" data-height-mobile=\"50\" style=\"clear:both;display:block;height:50px;\"><\/div>[\/vc_column_inner][vc_column_inner width=&#8221;1\/6&#8243;][\/vc_column_inner][\/vc_row_inner][vc_row_inner content_placement=&#8221;middle&#8221; gap=&#8221;30&#8243; css=&#8221;.vc_custom_1655657937518{padding-right: 40px !important;padding-left: 40px !important;}&#8221;][vc_column_inner width=&#8221;1\/2&#8243;][vc_single_image image=&#8221;5938&#8243; img_size=&#8221;full&#8221; alignment=&#8221;center&#8221;][\/vc_column_inner][vc_column_inner width=&#8221;1\/2&#8243;][vc_column_text]<\/p>\n<div class=\"wpb_text_column wpb_content_element \">\n<div class=\"wpb_wrapper\">\n<h5>A institui\u00e7\u00e3o foi criada na Vila Clementino, zona sul de S\u00e3o Paulo. Em 31 anos de exist\u00eancia, o GRAACC se fortaleceu como um hospital refer\u00eancia no tratamento de casos de alta complexidade de c\u00e2ncer infantojuvenil e atende pacientes vindos de todos os estados do pa\u00eds e, tamb\u00e9m, da Am\u00e9rica Latina.<\/h5>\n<h5>O GRAACC \u00e9 habilitado pelo Minist\u00e9rio da Sa\u00fade como Unidade de Alta Complexidade em Oncologia para atendimento pedi\u00e1trico. Em 2017, recebeu o selo da Joint Commission international (JCI), uma acredita\u00e7\u00e3o hospitalar internacional, que reconhece organiza\u00e7\u00f5es de sa\u00fade que seguem as melhores pr\u00e1ticas hospitalares internacionais.<\/h5>\n<h5>O hospital nasceu com um prop\u00f3sito claro de proporcionar todas as chances de cura ao maior n\u00famero poss\u00edvel de crian\u00e7as e adolescentes com c\u00e2ncer, com qualidade de vida. O GRAACC n\u00e3o mede esfor\u00e7os para garantir esperan\u00e7a de cura aos aos pacientes.<\/h5>\n<h5>Atualmente, o hospital do GRAACC tem um \u00edndice m\u00e9dio cura de 72%.<\/h5>\n<\/div>\n<\/div>\n<p>[\/vc_column_text]<div class=\"\"><a  id=\"btn-69ea1d707a688\" class=\"btn btn-filled btn-rounded    btn-sm-sm\" href= \"https:\/\/graacc.org.br\/\" target='_blank' >CONHE\u00c7A O GRAAC<\/a><\/div>[\/vc_column_inner][\/vc_row_inner]<div class=\"tlg-spacer \" data-height=\"70\" data-height-tablet=\"70\" data-height-mobile=\"70\" style=\"clear:both;display:block;height:70px;\"><\/div>[\/vc_column][\/vc_row][vc_row tlg_padding=&#8221;pt0 pb0&#8243; el_id=&#8221;contato&#8221;][vc_column][\/vc_column][\/vc_row]<\/p>\n<\/div>","protected":false},"excerpt":{"rendered":"<p>[vc_row full_width=&#8221;stretch_row&#8221; tlg_enable_overlay=&#8221;yes&#8221; el_id=&#8221;quemsomos&#8221; tlg_bg_overlay=&#8221;#3f3f3f&#8221; tlg_bg_overlay_value=&#8221;5&#8243; css=&#8221;.vc_custom_1655657975462{background-color: #ffffff !important;}&#8221;][vc_column parallax=&#8221;content-moving&#8221;][vc_row_inner content_placement=&#8221;top&#8221; gap=&#8221;30&#8243; css=&#8221;.vc_custom_1534275041885{padding-right: 40px !important;padding-left: 40px&#8230;<\/p>\n","protected":false},"author":2,"featured_media":0,"parent":0,"menu_order":0,"comment_status":"closed","ping_status":"closed","template":"","meta":{"footnotes":""},"class_list":["post-5604","page","type-page","status-publish","hentry"],"yoast_head":"<!-- This site is optimized with the Yoast SEO plugin v27.2 - https:\/\/yoast.com\/product\/yoast-seo-wordpress\/ -->\n<title>Responsabilidade Social<\/title>\n<meta name=\"description\" content=\"Fazer o bem faz bem!\" \/>\n<meta name=\"robots\" content=\"index, follow, max-snippet:-1, max-image-preview:large, max-video-preview:-1\" \/>\n<link rel=\"canonical\" href=\"https:\/\/www.kalaes.com.br\/22\/respsocial\/\" \/>\n<meta property=\"og:locale\" content=\"pt_BR\" \/>\n<meta property=\"og:type\" content=\"article\" \/>\n<meta property=\"og:title\" content=\"Responsabilidade Social\" \/>\n<meta property=\"og:description\" content=\"Fazer o bem faz bem!\" \/>\n<meta property=\"og:url\" content=\"https:\/\/www.kalaes.com.br\/22\/respsocial\/\" \/>\n<meta property=\"og:site_name\" content=\"Grupo Kalaes\" \/>\n<meta property=\"article:modified_time\" content=\"2024-05-03T16:47:16+00:00\" \/>\n<meta name=\"twitter:card\" content=\"summary_large_image\" \/>\n<meta name=\"twitter:label1\" content=\"Est. tempo de leitura\" \/>\n\t<meta name=\"twitter:data1\" content=\"2 minutos\" \/>\n<script type=\"application\/ld+json\" class=\"yoast-schema-graph\">{\"@context\":\"https:\/\/schema.org\",\"@graph\":[{\"@type\":\"WebPage\",\"@id\":\"https:\/\/www.kalaes.com.br\/22\/respsocial\/\",\"url\":\"https:\/\/www.kalaes.com.br\/22\/respsocial\/\",\"name\":\"Responsabilidade Social\",\"isPartOf\":{\"@id\":\"https:\/\/www.kalaes.com.br\/22\/#website\"},\"datePublished\":\"2022-06-19T16:58:16+00:00\",\"dateModified\":\"2024-05-03T16:47:16+00:00\",\"description\":\"Fazer o bem faz bem!\",\"breadcrumb\":{\"@id\":\"https:\/\/www.kalaes.com.br\/22\/respsocial\/#breadcrumb\"},\"inLanguage\":\"pt-BR\",\"potentialAction\":[{\"@type\":\"ReadAction\",\"target\":[\"https:\/\/www.kalaes.com.br\/22\/respsocial\/\"]}]},{\"@type\":\"BreadcrumbList\",\"@id\":\"https:\/\/www.kalaes.com.br\/22\/respsocial\/#breadcrumb\",\"itemListElement\":[{\"@type\":\"ListItem\",\"position\":1,\"name\":\"In\u00edcio\",\"item\":\"https:\/\/www.kalaes.com.br\/22\/\"},{\"@type\":\"ListItem\",\"position\":2,\"name\":\"Responsabilidade Social\"}]},{\"@type\":\"WebSite\",\"@id\":\"https:\/\/www.kalaes.com.br\/22\/#website\",\"url\":\"https:\/\/www.kalaes.com.br\/22\/\",\"name\":\"Grupo Kalaes\",\"description\":\"Holding multissetorial de franquias\",\"potentialAction\":[{\"@type\":\"SearchAction\",\"target\":{\"@type\":\"EntryPoint\",\"urlTemplate\":\"https:\/\/www.kalaes.com.br\/22\/?s={search_term_string}\"},\"query-input\":{\"@type\":\"PropertyValueSpecification\",\"valueRequired\":true,\"valueName\":\"search_term_string\"}}],\"inLanguage\":\"pt-BR\"}]}<\/script>\n<!-- \/ Yoast SEO plugin. -->","yoast_head_json":{"title":"Responsabilidade Social","description":"Fazer o bem faz bem!","robots":{"index":"index","follow":"follow","max-snippet":"max-snippet:-1","max-image-preview":"max-image-preview:large","max-video-preview":"max-video-preview:-1"},"canonical":"https:\/\/www.kalaes.com.br\/22\/respsocial\/","og_locale":"pt_BR","og_type":"article","og_title":"Responsabilidade Social","og_description":"Fazer o bem faz bem!","og_url":"https:\/\/www.kalaes.com.br\/22\/respsocial\/","og_site_name":"Grupo Kalaes","article_modified_time":"2024-05-03T16:47:16+00:00","twitter_card":"summary_large_image","twitter_misc":{"Est. tempo de leitura":"2 minutos"},"schema":{"@context":"https:\/\/schema.org","@graph":[{"@type":"WebPage","@id":"https:\/\/www.kalaes.com.br\/22\/respsocial\/","url":"https:\/\/www.kalaes.com.br\/22\/respsocial\/","name":"Responsabilidade Social","isPartOf":{"@id":"https:\/\/www.kalaes.com.br\/22\/#website"},"datePublished":"2022-06-19T16:58:16+00:00","dateModified":"2024-05-03T16:47:16+00:00","description":"Fazer o bem faz bem!","breadcrumb":{"@id":"https:\/\/www.kalaes.com.br\/22\/respsocial\/#breadcrumb"},"inLanguage":"pt-BR","potentialAction":[{"@type":"ReadAction","target":["https:\/\/www.kalaes.com.br\/22\/respsocial\/"]}]},{"@type":"BreadcrumbList","@id":"https:\/\/www.kalaes.com.br\/22\/respsocial\/#breadcrumb","itemListElement":[{"@type":"ListItem","position":1,"name":"In\u00edcio","item":"https:\/\/www.kalaes.com.br\/22\/"},{"@type":"ListItem","position":2,"name":"Responsabilidade Social"}]},{"@type":"WebSite","@id":"https:\/\/www.kalaes.com.br\/22\/#website","url":"https:\/\/www.kalaes.com.br\/22\/","name":"Grupo Kalaes","description":"Holding multissetorial de franquias","potentialAction":[{"@type":"SearchAction","target":{"@type":"EntryPoint","urlTemplate":"https:\/\/www.kalaes.com.br\/22\/?s={search_term_string}"},"query-input":{"@type":"PropertyValueSpecification","valueRequired":true,"valueName":"search_term_string"}}],"inLanguage":"pt-BR"}]}},"_links":{"self":[{"href":"https:\/\/www.kalaes.com.br\/22\/wp-json\/wp\/v2\/pages\/5604","targetHints":{"allow":["GET"]}}],"collection":[{"href":"https:\/\/www.kalaes.com.br\/22\/wp-json\/wp\/v2\/pages"}],"about":[{"href":"https:\/\/www.kalaes.com.br\/22\/wp-json\/wp\/v2\/types\/page"}],"author":[{"embeddable":true,"href":"https:\/\/www.kalaes.com.br\/22\/wp-json\/wp\/v2\/users\/2"}],"replies":[{"embeddable":true,"href":"https:\/\/www.kalaes.com.br\/22\/wp-json\/wp\/v2\/comments?post=5604"}],"version-history":[{"count":6,"href":"https:\/\/www.kalaes.com.br\/22\/wp-json\/wp\/v2\/pages\/5604\/revisions"}],"predecessor-version":[{"id":5939,"href":"https:\/\/www.kalaes.com.br\/22\/wp-json\/wp\/v2\/pages\/5604\/revisions\/5939"}],"wp:attachment":[{"href":"https:\/\/www.kalaes.com.br\/22\/wp-json\/wp\/v2\/media?parent=5604"}],"curies":[{"name":"wp","href":"https:\/\/api.w.org\/{rel}","templated":true}]}}