{"id":5670,"date":"2022-06-21T18:36:36","date_gmt":"2022-06-21T21:36:36","guid":{"rendered":"https:\/\/www.kalaes.com.br\/22\/?page_id=5670"},"modified":"2026-01-19T09:56:45","modified_gmt":"2026-01-19T12:56:45","slug":"institutoanahickmann","status":"publish","type":"page","link":"https:\/\/www.kalaes.com.br\/22\/institutoanahickmann\/","title":{"rendered":"IAH"},"content":{"rendered":"<div class=\"wpb-content-wrapper\"><p>[vc_row full_width=&#8221;stretch_row&#8221; tlg_text_align=&#8221;text-center&#8221; css=&#8221;.vc_custom_1655846838491{background-color: #ffffff !important;}&#8221;][vc_column]<div class=\"tlg-spacer \" data-height=\"60\" data-height-tablet=\"60\" data-height-mobile=\"60\" style=\"clear:both;display:block;height:60px;\"><\/div>[vc_single_image image=&#8221;5765&#8243; img_size=&#8221;full&#8221; alignment=&#8221;center&#8221;][vc_row_inner content_placement=&#8221;middle&#8221;][vc_column_inner width=&#8221;7\/12&#8243;][vc_single_image image=&#8221;5671&#8243; img_size=&#8221;full&#8221; alignment=&#8221;center&#8221;][\/vc_column_inner][vc_column_inner width=&#8221;5\/12&#8243;]<div class=\"tlg-spacer \" data-height=\"10\" data-height-tablet=\"10\" data-height-mobile=\"40\" style=\"clear:both;display:block;height:10px;\"><\/div>[vc_column_text css=&#8221;.vc_custom_1690918788386{padding-right: 30px !important;padding-left: 30px !important;}&#8221;]<\/p>\n<h5>A Escola Profissionalizante Ana Hickmann atua na \u00e1rea da beleza e tecnologia com uma inovadora proposta pedag\u00f3gica e educacional, oferecendo a possibilidade das pessoas aprenderem uma profiss\u00e3o que gerar\u00e1 renda \u00e0s fam\u00edlias, independentemente da idade, classe social e forma\u00e7\u00e3o acad\u00eamica.<\/h5>\n<h5>Tem como s\u00f3cia a apresentadora e empres\u00e1ria de sucesso Ana Hickmann, que traz muita credibilidade, for\u00e7a, conhecimento, valor e exposi\u00e7\u00e3o ao neg\u00f3cio.<\/h5>\n<p>[\/vc_column_text]<div class=\"\"><a style=\"color:#ffffff;background:linear-gradient(to right,#dd3333 0%,#af2828 100%);border-color:transparent;border: none!important;\" id=\"btn-69ea1dc389fe4\" class=\"btn btn-rounded    btn-sm-sm\" href= \"https:\/\/www.institutoanahickmann.com.br\" target='_blank' >www.institutoanahickmann.com.br<\/a><\/div><script type=\"text\/javascript\">jQuery(document).ready(function(){jQuery('head').append('<style type=\"text\/css\" id=\"tlg-custom-css-btn-69ea1dc389fe4\">#btn-69ea1dc389fe4:hover{color:#ffffff!important;background:linear-gradient(to right,#000000 0%,#636363 100%)!important;border-color:#ffffff!important;}<\/style>');});<\/script><div class=\"tlg-spacer \" data-height=\"10\" data-height-tablet=\"10\" data-height-mobile=\"40\" style=\"clear:both;display:block;height:10px;\"><\/div>[\/vc_column_inner][\/vc_row_inner][vc_single_image image=&#8221;5772&#8243; img_size=&#8221;full&#8221; alignment=&#8221;center&#8221;][\/vc_column][\/vc_row][vc_row full_width=&#8221;stretch_row&#8221; css=&#8221;.vc_custom_1651428374966{background-color: #ffffff !important;}&#8221;][vc_column]<div class=\"tlg-spacer \" data-height=\"60\" data-height-tablet=\"60\" data-height-mobile=\"60\" style=\"clear:both;display:block;height:60px;\"><\/div>[vc_column_text]<\/p>\n<h4 style=\"text-align: center;\"><strong><span style=\"color: #ff0000;\">Conhe\u00e7a as outras marcas do Grupo Kalaes:<\/span><\/strong><\/h4>\n<p>[\/vc_column_text][vc_row_inner gap=&#8221;20&#8243; css=&#8221;.vc_custom_1651428390875{padding-right: 20px !important;padding-left: 20px !important;}&#8221;][vc_column_inner width=&#8221;1\/5&#8243;][vc_single_image image=&#8221;5790&#8243; img_size=&#8221;full&#8221; alignment=&#8221;center&#8221; onclick=&#8221;custom_link&#8221; css=&#8221;&#8221; link=&#8221;https:\/\/www.kalaes.com.br\/22\/cb04\/&#8221;][\/vc_column_inner][vc_column_inner width=&#8221;1\/5&#8243;][vc_single_image image=&#8221;5765&#8243; img_size=&#8221;full&#8221; alignment=&#8221;center&#8221; onclick=&#8221;custom_link&#8221; link=&#8221;https:\/\/www.kalaes.com.br\/22\/institutoanahickmann&#8221;][\/vc_column_inner][vc_column_inner width=&#8221;1\/5&#8243;][vc_single_image image=&#8221;21&#8243; img_size=&#8221;full&#8221; alignment=&#8221;center&#8221; onclick=&#8221;custom_link&#8221; css=&#8221;&#8221; link=&#8221;https:\/\/www.kalaes.com.br\/22\/ml&#8221;][\/vc_column_inner][vc_column_inner width=&#8221;1\/5&#8243;][vc_single_image image=&#8221;6633&#8243; img_size=&#8221;full&#8221; alignment=&#8221;center&#8221; onclick=&#8221;custom_link&#8221; css=&#8221;&#8221; link=&#8221;https:\/\/www.kalaes.com.br\/22\/mazukim&#8221;][\/vc_column_inner][vc_column_inner width=&#8221;1\/5&#8243;][vc_single_image image=&#8221;23&#8243; img_size=&#8221;full&#8221; alignment=&#8221;center&#8221; onclick=&#8221;custom_link&#8221; link=&#8221;https:\/\/www.kalaes.com.br\/22\/odontospecial&#8221;][\/vc_column_inner][\/vc_row_inner]<div class=\"tlg-spacer \" data-height=\"60\" data-height-tablet=\"60\" data-height-mobile=\"60\" style=\"clear:both;display:block;height:60px;\"><\/div>[\/vc_column][\/vc_row][vc_row disable_element=&#8221;yes&#8221; tlg_padding=&#8221;pt0 pb0&#8243;][vc_column][vc_raw_html]JTNDYSUyMGhyZWYlM0QlMjJodHRwcyUzQSUyRiUyRmFwaS53aGF0c2FwcC5jb20lMkZzZW5kJTNGcGhvbmUlM0Q1NTExOTk5MDYxNDM0JTIyJTIwdGFyZ2V0JTNEJTIyX2JsYW5rJTIyJTNFJTNDaW1nJTIwJTIwY2xhc3MlM0QlMjJ3aGF0c2FwcCUyMiUyMHNyYyUzRCUyMmh0dHBzJTNBJTJGJTJGd3d3LmthbGFlcy5jb20uYnIlMkYyMiUyRndwLWNvbnRlbnQlMkZ1cGxvYWRzJTJGMjAyMiUyRjA1JTJGd2hhdHMtMS5wbmclMjIlMjAlMkYlM0UlM0MlMkZhJTNF[\/vc_raw_html][\/vc_column][\/vc_row][vc_row tlg_padding=&#8221;pt0 pb0&#8243; el_id=&#8221;contato&#8221;][vc_column][\/vc_column][\/vc_row]<\/p>\n<\/div>","protected":false},"excerpt":{"rendered":"<p>[vc_row full_width=&#8221;stretch_row&#8221; tlg_text_align=&#8221;text-center&#8221; css=&#8221;.vc_custom_1655846838491{background-color: #ffffff !important;}&#8221;][vc_column][vc_single_image image=&#8221;5765&#8243; img_size=&#8221;full&#8221; alignment=&#8221;center&#8221;][vc_row_inner content_placement=&#8221;middle&#8221;][vc_column_inner width=&#8221;7\/12&#8243;][vc_single_image image=&#8221;5671&#8243; img_size=&#8221;full&#8221; alignment=&#8221;center&#8221;][\/vc_column_inner][vc_column_inner width=&#8221;5\/12&#8243;][vc_column_text css=&#8221;.vc_custom_1690918788386{padding-right:&#8230;<\/p>\n","protected":false},"author":2,"featured_media":0,"parent":0,"menu_order":0,"comment_status":"closed","ping_status":"closed","template":"","meta":{"footnotes":""},"class_list":["post-5670","page","type-page","status-publish","hentry"],"yoast_head":"<!-- This site is optimized with the Yoast SEO plugin v27.2 - https:\/\/yoast.com\/product\/yoast-seo-wordpress\/ -->\n<title>Instituto Ana Hickmann<\/title>\n<meta name=\"description\" content=\"Rede de\u00a0Escolas Profissionalizantes\u00a0que atua na \u00e1rea da Beleza, com uma inovadora proposta pedag\u00f3gica e educacional.\" \/>\n<meta name=\"robots\" content=\"index, follow, max-snippet:-1, max-image-preview:large, max-video-preview:-1\" \/>\n<link rel=\"canonical\" href=\"https:\/\/www.kalaes.com.br\/22\/institutoanahickmann\/\" \/>\n<meta property=\"og:locale\" content=\"pt_BR\" \/>\n<meta property=\"og:type\" content=\"article\" \/>\n<meta property=\"og:title\" content=\"Instituto Ana Hickmann\" \/>\n<meta property=\"og:description\" content=\"Rede de\u00a0Escolas Profissionalizantes\u00a0que atua na \u00e1rea da Beleza, com uma inovadora proposta pedag\u00f3gica e educacional.\" \/>\n<meta property=\"og:url\" content=\"https:\/\/www.kalaes.com.br\/22\/institutoanahickmann\/\" \/>\n<meta property=\"og:site_name\" content=\"Grupo Kalaes\" \/>\n<meta property=\"article:modified_time\" content=\"2026-01-19T12:56:45+00:00\" \/>\n<meta name=\"twitter:card\" content=\"summary_large_image\" \/>\n<meta name=\"twitter:label1\" content=\"Est. tempo de leitura\" \/>\n\t<meta name=\"twitter:data1\" content=\"4 minutos\" \/>\n<script type=\"application\/ld+json\" class=\"yoast-schema-graph\">{\"@context\":\"https:\/\/schema.org\",\"@graph\":[{\"@type\":\"WebPage\",\"@id\":\"https:\/\/www.kalaes.com.br\/22\/institutoanahickmann\/\",\"url\":\"https:\/\/www.kalaes.com.br\/22\/institutoanahickmann\/\",\"name\":\"Instituto Ana Hickmann\",\"isPartOf\":{\"@id\":\"https:\/\/www.kalaes.com.br\/22\/#website\"},\"datePublished\":\"2022-06-21T21:36:36+00:00\",\"dateModified\":\"2026-01-19T12:56:45+00:00\",\"description\":\"Rede de\u00a0Escolas Profissionalizantes\u00a0que atua na \u00e1rea da Beleza, com uma inovadora proposta pedag\u00f3gica e educacional.\",\"breadcrumb\":{\"@id\":\"https:\/\/www.kalaes.com.br\/22\/institutoanahickmann\/#breadcrumb\"},\"inLanguage\":\"pt-BR\",\"potentialAction\":[{\"@type\":\"ReadAction\",\"target\":[\"https:\/\/www.kalaes.com.br\/22\/institutoanahickmann\/\"]}]},{\"@type\":\"BreadcrumbList\",\"@id\":\"https:\/\/www.kalaes.com.br\/22\/institutoanahickmann\/#breadcrumb\",\"itemListElement\":[{\"@type\":\"ListItem\",\"position\":1,\"name\":\"In\u00edcio\",\"item\":\"https:\/\/www.kalaes.com.br\/22\/\"},{\"@type\":\"ListItem\",\"position\":2,\"name\":\"IAH\"}]},{\"@type\":\"WebSite\",\"@id\":\"https:\/\/www.kalaes.com.br\/22\/#website\",\"url\":\"https:\/\/www.kalaes.com.br\/22\/\",\"name\":\"Grupo Kalaes\",\"description\":\"Holding multissetorial de franquias\",\"potentialAction\":[{\"@type\":\"SearchAction\",\"target\":{\"@type\":\"EntryPoint\",\"urlTemplate\":\"https:\/\/www.kalaes.com.br\/22\/?s={search_term_string}\"},\"query-input\":{\"@type\":\"PropertyValueSpecification\",\"valueRequired\":true,\"valueName\":\"search_term_string\"}}],\"inLanguage\":\"pt-BR\"}]}<\/script>\n<!-- \/ Yoast SEO plugin. -->","yoast_head_json":{"title":"Instituto Ana Hickmann","description":"Rede de\u00a0Escolas Profissionalizantes\u00a0que atua na \u00e1rea da Beleza, com uma inovadora proposta pedag\u00f3gica e educacional.","robots":{"index":"index","follow":"follow","max-snippet":"max-snippet:-1","max-image-preview":"max-image-preview:large","max-video-preview":"max-video-preview:-1"},"canonical":"https:\/\/www.kalaes.com.br\/22\/institutoanahickmann\/","og_locale":"pt_BR","og_type":"article","og_title":"Instituto Ana Hickmann","og_description":"Rede de\u00a0Escolas Profissionalizantes\u00a0que atua na \u00e1rea da Beleza, com uma inovadora proposta pedag\u00f3gica e educacional.","og_url":"https:\/\/www.kalaes.com.br\/22\/institutoanahickmann\/","og_site_name":"Grupo Kalaes","article_modified_time":"2026-01-19T12:56:45+00:00","twitter_card":"summary_large_image","twitter_misc":{"Est. tempo de leitura":"4 minutos"},"schema":{"@context":"https:\/\/schema.org","@graph":[{"@type":"WebPage","@id":"https:\/\/www.kalaes.com.br\/22\/institutoanahickmann\/","url":"https:\/\/www.kalaes.com.br\/22\/institutoanahickmann\/","name":"Instituto Ana Hickmann","isPartOf":{"@id":"https:\/\/www.kalaes.com.br\/22\/#website"},"datePublished":"2022-06-21T21:36:36+00:00","dateModified":"2026-01-19T12:56:45+00:00","description":"Rede de\u00a0Escolas Profissionalizantes\u00a0que atua na \u00e1rea da Beleza, com uma inovadora proposta pedag\u00f3gica e educacional.","breadcrumb":{"@id":"https:\/\/www.kalaes.com.br\/22\/institutoanahickmann\/#breadcrumb"},"inLanguage":"pt-BR","potentialAction":[{"@type":"ReadAction","target":["https:\/\/www.kalaes.com.br\/22\/institutoanahickmann\/"]}]},{"@type":"BreadcrumbList","@id":"https:\/\/www.kalaes.com.br\/22\/institutoanahickmann\/#breadcrumb","itemListElement":[{"@type":"ListItem","position":1,"name":"In\u00edcio","item":"https:\/\/www.kalaes.com.br\/22\/"},{"@type":"ListItem","position":2,"name":"IAH"}]},{"@type":"WebSite","@id":"https:\/\/www.kalaes.com.br\/22\/#website","url":"https:\/\/www.kalaes.com.br\/22\/","name":"Grupo Kalaes","description":"Holding multissetorial de franquias","potentialAction":[{"@type":"SearchAction","target":{"@type":"EntryPoint","urlTemplate":"https:\/\/www.kalaes.com.br\/22\/?s={search_term_string}"},"query-input":{"@type":"PropertyValueSpecification","valueRequired":true,"valueName":"search_term_string"}}],"inLanguage":"pt-BR"}]}},"_links":{"self":[{"href":"https:\/\/www.kalaes.com.br\/22\/wp-json\/wp\/v2\/pages\/5670","targetHints":{"allow":["GET"]}}],"collection":[{"href":"https:\/\/www.kalaes.com.br\/22\/wp-json\/wp\/v2\/pages"}],"about":[{"href":"https:\/\/www.kalaes.com.br\/22\/wp-json\/wp\/v2\/types\/page"}],"author":[{"embeddable":true,"href":"https:\/\/www.kalaes.com.br\/22\/wp-json\/wp\/v2\/users\/2"}],"replies":[{"embeddable":true,"href":"https:\/\/www.kalaes.com.br\/22\/wp-json\/wp\/v2\/comments?post=5670"}],"version-history":[{"count":12,"href":"https:\/\/www.kalaes.com.br\/22\/wp-json\/wp\/v2\/pages\/5670\/revisions"}],"predecessor-version":[{"id":6665,"href":"https:\/\/www.kalaes.com.br\/22\/wp-json\/wp\/v2\/pages\/5670\/revisions\/6665"}],"wp:attachment":[{"href":"https:\/\/www.kalaes.com.br\/22\/wp-json\/wp\/v2\/media?parent=5670"}],"curies":[{"name":"wp","href":"https:\/\/api.w.org\/{rel}","templated":true}]}}